2*f + 5*w = 3*w + 536, 0 = 4*f + l*w - 1070. Calculate the highest common factor of f and 14.
14
Suppose -3*u = -3*r + 21, -76*r + 6*u - 58 = -80*r. What is the highest common divisor of r and 1030?
10
Let o be -1*(-12 - -7) - -105. Let a(g) = 385*g. Let c be a(1). What is the greatest common factor of o and c?
55
Let f be (-4)/(-48)*11 + 35/420. Let r(h) = 5*h - 6*h + 0*h - 9*h**3 - 1 - h**2. Let x be r(-1). What is the greatest common factor of x and f?
1
Suppose -4718 - 8213 = -138*g + 71*g. Calculate the highest common divisor of g and 1158.
193
Suppose -5*f = -w + 205, 0 = 2*w - 167*f + 170*f - 358. What is the highest common divisor of 65 and w?
5
Let s = 1617 - 1603. Calculate the highest common divisor of s and 194.
2
Let r be (-41)/((-10)/92*-1*68/(-1020)). Calculate the greatest common divisor of 69 and r.
69
Let d = -30 + 66. Suppose d*z = 38*z - 240. Let v be 32 - (-3 + (4 - -1)). Calculate the highest common divisor of v and z.
30
Let i be (1 + 3 - -8) + 34/(-17). Suppose -i*c - 299 = -359. Calculate the highest common divisor of c and 51.
3
Suppose -370*a + 405 = -361*a. Let f be 3120/(-13)*(-3)/(a/6). Calculate the greatest common divisor of f and 12.
12
Let f = -4583 - -4673. Calculate the greatest common factor of 690 and f.
30
Suppose 0 = 8*w + 12*w - 4740. Suppose -w*n + 240*n - 180 = 0. What is the highest common divisor of n and 75?
15
Suppose -x + 540 = -4*l, -9*x - 2*l - 542 = -10*x. What is the highest common divisor of x and 2048?
32
Suppose -50*t + 39*t + 159 = -919. Suppose -3*c + o + 38 + 0 = 0, 0 = -5*o + 20. What is the greatest common factor of c and t?
14
Let i(d) = -55*d + 3765. Let a be i(13). Calculate the highest common factor of 100 and a.
50
Suppose 57*a + 3024 = 130*a + 305*a. Let r be (0 + 1)/((-1)/(-16)). What is the greatest common factor of a and r?
8
Suppose 0 = -3*m - 18 + 774. Suppose -t = q - 33, -2*q - 3*t + 33 = -30. What is the highest common divisor of q and m?
36
Suppose 5*s + 25 - 15 = 0. Let z be (-12)/s + (-4)/(-10)*-5. Calculate the highest common factor of z and 3.
1
Let o be 750/6 + (-5 - 8/(-1)). What is the greatest common factor of 432 and o?
16
Let c = -5740 + 5786. Suppose 88 = o - 4*f - 54, -f = 1. Calculate the greatest common factor of o and c.
46
Let l = -14 - -18. Let y be (l - -2)*28/24. Suppose -2*g - y*g = -108. Calculate the highest common factor of g and 6.
6
Let a be (-8)/(-14) - 444/42. Let i be ((-8)/24 - 3)*12/a. Let q be (-3)/9 - (-111)/9. Calculate the greatest common factor of q and i.
4
Let x be (-4)/(-6)*-3 + 0. Let g(q) be the first derivative of -95*q**2/2 - 3*q + 1534. Let b be g(x). What is the highest common divisor of b and 17?
17
Let k = -14044 - -14494. Calculate the highest common factor of k and 486.
18
Suppose -80*o = 79*o + 182*o - 979693. What is the highest common divisor of o and 663?
221
Let v = 60493 - 60421. Let w = 70 - 34. Calculate the highest common factor of v and w.
36
Let m be (-41)/((-498)/(-84) + 9*6/(-9)). What is the highest common factor of m and 4428?
82
Let y be ((-2)/(-10) + 1)/(6/40). Suppose 392 = 5*u + 2*u. Calculate the greatest common divisor of y and u.
8
Suppose -5*l + 1 = 5*v - 9, -3*v = 4*l - 12. Suppose l*s - 2*s = 180. Suppose g = 4*g - s. Calculate the highest common divisor of g and 105.
15
Suppose -779 = 5*y - 4729. Let f = -736 + y. Let i be -1*18*(-6)/4. Calculate the greatest common divisor of i and f.
27
Suppose 0 = -4*w - 2*d - 206, 5*w + 3*d + 247 = 4*d. Let p = 50 + w. Suppose p = s + 1 - 5. Calculate the greatest common divisor of s and 12.
4
Let o be 1 - -1 - (-13 + -767). Suppose -26*h = -596 - o. What is the highest common factor of 106 and h?
53
Let l(d) = -d**3 - 2*d**2 - 4*d - 10. Let o = 66 - 65. Let x be (-182)/56 - o/(-4). Let q be l(x). Calculate the greatest common divisor of 11 and q.
11
Suppose 0 = -1658*a + 1744*a - 442126. Calculate the highest common divisor of 291 and a.
97
Suppose 21*j - 506 - 229 = 0. Suppose 17 = 10*q - 33. Calculate the highest common factor of j and q.
5
Let d = 303 + -505. Let l = d - -211. Let c be (6/(-4))/(3/(-126)). Calculate the greatest common divisor of l and c.
9
Let u(b) = -12*b**3 + b**2 - 41*b - 136. Let l be u(-3). What is the greatest common factor of 10480 and l?
80
Suppose 0 = 36*c - 1094147 + 216755. What is the highest common factor of c and 36?
36
Let n = 22197 - 7182. What is the greatest common divisor of n and 110?
55
Let l = -336 - -265. Let r = -69 - l. What is the greatest common factor of 7 and r?
1
Suppose t + 4*j = 3*t - 14, 8 = 2*t + 2*j. Suppose t*b - 10*b = -165. What is the greatest common factor of b and 22?
11
Let w be (-225)/(-15) - 9 - -669. What is the greatest common factor of 100 and w?
25
Let a = 175982 + -175945. Suppose 0 = w + 2*w + 4*c - 1907, 3*w - 5*c = 1862. What is the greatest common factor of w and a?
37
Let n(g) = -10*g**3 + g**2 + 5*g + 17. Let u be n(-4). Let z = u + -303. What is the highest common factor of 28 and z?
14
Suppose -272 = -11*o - 23*o. Calculate the greatest common factor of o and 956.
4
Let r be ((-8230)/(-3))/((-202)/(-606)). What is the greatest common divisor of 10 and r?
10
Let o be 5 - 3 - 5/(-5). Suppose -b + o*b = 142. Let i = b + -26. Calculate the greatest common factor of 30 and i.
15
Suppose 26077 = 22*c + 26*c - 47507. Calculate the highest common factor of c and 105.
21
Let b be (6/(-24)*-306 - 5) + 45/(-18). Calculate the greatest common divisor of 5658 and b.
69
Let n be ((-10 + (-707)/(-42))*58)/(2/6). What is the greatest common divisor of 943 and n?
41
Let l = -3030 - -4719. Calculate the highest common divisor of l and 3.
3
Let m be (-8)/(-26)*(-819)/378 + 119/3. Let b be 1/(-2*1/(-12)). Calculate the greatest common divisor of b and m.
3
Suppose 19*k = -21*k + 160. Suppose 4*y = k, 2*l + 2*y = 3 + 11. Calculate the highest common divisor of 8 and l.
2
Let g(p) = p + 27. Suppose -5*w - 4*w + 270 = 0. Suppose w = 14*k - 17*k. Let l be g(k). Calculate the greatest common factor of 68 and l.
17
Let r be 18/(-36) + (3 - (-2 + (-3603)/6)). What is the greatest common divisor of r and 50?
5
Let m = 19053 - 18646. Calculate the highest common divisor of 666 and m.
37
Suppose 5*s + 690 = 5*n, -4*s + s = -20*n + 2794. Calculate the greatest common divisor of 90 and n.
10
Let z = -56 + 56. Let f be (171 + (3 - z))/2. Suppose -2*h = -5*v + f, 0*v = 2*v - 2*h - 36. What is the greatest common factor of v and 68?
17
Suppose -1579 = -13*b + 12*b + o, 6341 = 4*b + o. Let x be (b/(-220))/(138/70 + -2). Calculate the greatest common factor of 42 and x.
42
Suppose 0 = -6*i - 11 + 41. Suppose -i*q - 11 = -36. Suppose -q*c + c + 4 = 0. Calculate the greatest common factor of 1 and c.
1
Suppose -3*u + 3*c = -54, 2*u - 3*c + 20 = 59. Calculate the highest common divisor of u and 2055.
15
Let n(u) = u**2 - 28*u + 64. Let l be n(26). Let c be ((-4)/4)/((-4)/l). Calculate the highest common factor of 9 and c.
3
Suppose 36*l + 17*l = 20*l + 106524. What is the highest common factor of 48 and l?
12
Suppose -3*d + 39 = -4*d. Let a = d + 44. Suppose 0 = -3*h - 2*x + 1 + 2, 0 = -a*h - 3*x + 6. What is the highest common divisor of h and 6?
3
Let p(i) = 9*i**2 + 28*i - 154. Let t be p(5). What is the greatest common factor of t and 1?
1
Let k(o) = 2*o**2 - 3*o - 3. Let j be k(3). Suppose j*i + 10 = 52. Calculate the highest common factor of i and 35.
7
Let l(o) be the first derivative of -33*o**2 - 129*o + 32. Let t be l(-9). Calculate the highest common factor of 30 and t.
15
Let x = -837 - -1401. Let d = 601 - x. Calculate the greatest common factor of d and 629.
37
Let z be (7 + (-60330)/(-105))*7. What is the greatest common divisor of z and 138?
69
Suppose -85*y - 1633 = -50*y - 4153. What is the highest common divisor of y and 1044?
36
Let d be -5 + 221/(-85)*-25. Calculate the greatest common divisor of 15495 and d.
15
Let d(x) = 62*x**3 + x**2. Let b be (-1 + 3)*((-14)/2)/(-14). Let m be d(b). Let t = -49 + m. What is the highest common factor of 154 and t?
14
Let a = -72 + 200. Let t be (1344/(-35) - 0/3)/((-30)/75). What is the highest common factor of t and a?
32
Let d(c) = -6*c + 58. Let f be d(13). Let g be ((-48)/(-10))/(3 + 52/f). Suppose 0*z - 3*z + 36 = 0. What is the highest common factor of 